*w**2 + s*w**2 + w**3 + 9 - w - 2*w**3. Determine p(0).
9
Let v(n) = -n + 1. Let q(o) = 1 + o + 2 + 0. Let t be q(2). Calculate v(t).
-4
Let l(w) = -w**3 - w**2. Let p(s) = -3*s**3 - 9*s**2 + 4*s - 4. Let c(q) = -4*l(q) + p(q). Suppose 0 = d + 5*z + 11, -2*z = 3*d - 11 + 5. Give c(d).
-4
Let n(v) = -v - 3. Let y be n(-6). Suppose 20 = 4*i - y*l, 4*l + 18 = -i - l. Suppose i = -3*o + 5. Let k(z) = -3*z**2 + z - 1. Give k(o).
-3
Let d(x) = 10*x. Let k be d(1). Let r = -15 + k. Let z(a) be the first derivative of a**3/3 + 7*a**2/2 + 1. Determine z(r).
-10
Let p(i) = 2*i**2 - 2*i - 3. Let k(z) = -z**2 + 2*z + 2. Let h(r) = -4*k(r) - 3*p(r). Suppose 5*g = 38*g + 66. Calculate h(g).
-3
Let y = 2 - 0. Let f(z) = 0*z**2 - 4*z**y - 1 + 0*z**2. Give f(1).
-5
Let d(v) = -5*v**2 - 297 - v**3 + v + v**2 + 304. Determine d(-5).
27
Let p(o) = -o**2 + 4*o - 3. Let t(w) = 3*w + 2. Let j be t(1). Let c be (-8)/3 + 1/(-3). Let k = c + j. Give p(k).
1
Let v(y) be the third derivative of -y**4/24 - 2*y**3/3 - 16*y**2. Give v(-5).
1
Let n(u) = -2*u**3 - 4*u**2 + u + 2. Let d = 23 + -26. Determine n(d).
17
Let y = 8 + -5. Let d be (-15)/(-12) + (-2)/8. Let b(g) = -y*g - d - 1 - 2. Determine b(-3).
5
Let a(r) be the first derivative of -r**5/60 - r**4/3 + 2*r**3 + 8. Let c(w) be the third derivative of a(w). Give c(-7).
6
Let g(u) be the second derivative of u**5/20 - u**4/2 + 5*u**3/6 - 7*u**2/2 - 2*u. Give g(5).
-7
Suppose 2*r = -0*r + 4. Suppose 35 = 5*v + r*t, 3*v - 3*t = -0*v. Let o(f) = -f + 0*f + 0*f + f**2 - v. Give o(0).
-5
Let l(q) be the first derivative of -q**4/4 + q**3 + 2*q**2 - 6*q + 26. Calculate l(4).
-6
Let c(o) = -o**3 + 11*o**2 + 12*o + 2. Let s be c(12). Let l(w) be the first derivative of -1/2*w**s - 2 + 0*w. Give l(-1).
1
Suppose -1 = -5*r - 3*p, -2*r + r = p + 1. Let l(c) = -4*c**2 - c**r - 1 + 0*c**2 - c. Give l(-1).
-5
Let a(x) = -x**3 + 7*x**2 - 6*x. Let d be (-156)/(-27) + -1 + 11/9. Give a(d).
0
Let q(o) = -o**3 + o**2 + 5*o - 7. Let g be q(2). Let b(v) = -11*v**2 - 1. Calculate b(g).
-12
Let k = 22 + -17. Suppose 7 = -4*g - k. Let h(f) = f**3 + 3*f**2 - f - 4. Calculate h(g).
-1
Let b = -1 + 5. Suppose 2*s = -3*d + 1 + 4, -b*d + 4 = 2*s. Let h(u) = -2*u**3 - u - 1. What is h(d)?
2
Let m(y) be the second derivative of 1/6*y**4 - y**2 + 2*y + 0 - 1/20*y**5 - 1/2*y**3. Let f(k) be the first derivative of m(k). Calculate f(2).
-7
Let d(t) = -2*t - 3. Let u(i) be the second derivative of -i**3/3 - 3*i**2 - i. Let h be u(-5). Suppose -3*v - h*r = -21, r = -3*v + 9 + 3. Determine d(v).
-9
Let t(f) = f**3 - 4*f**2 - 3*f + 3. Let o be t(5). Let b = o + -7. Let z(j) = j**2 - 7*j + 4. Determine z(b).
-2
Let r be ((-8)/(-16))/(2/(-16)). Let q(f) = f - 2. Determine q(r).
-6
Let u(c) = -c**2 + 1. Suppose -28*l - 7 = -21*l. Determine u(l).
0
Let h(d) = -d + 6. Let u = 39 - 39. Determine h(u).
6
Let u(h) = 5*h**2 + 7*h - 3. Let q(w) = -6*w**2 - 7*w + 4. Let m(y) = 6*q(y) + 7*u(y). Give m(7).
3
Let l = -5 + 7. Let k(a) = -a**3 + 1 - 4*a**2 + 7*a - 4*a + l*a - 3*a. Give k(-4).
-7
Let l(j) = j + 8. Let v = -9 - -5. Let k(t) = -t - 9. Let p(n) = v*l(n) - 3*k(n). Suppose 21 = -5*u + 4*o, 3*o + 6 = 3. Give p(u).
0
Let w(b) be the second derivative of b**5/20 - 5*b**4/12 - b**3/2 + 2*b**2 + 8*b. What is w(5)?
-11
Let s(r) = -5*r - 3. Suppose 0 = -4*q + 3*q - t, -3*q - 5*t = -4. Give s(q).
7
Suppose 4*z = 6*z - 12. Let i(b) = 2*b - 2 + z*b - 3*b. Suppose 2*q + 4 = -4*u + 5*u, 5*u = 2*q + 12. Give i(u).
8
Let f be 2 - 1*(0 + 1). Let n(j) = j**2 + j + 2. Let m be n(-2). Let z = m - f. Let t(y) = y + 2. Give t(z).
5
Let m(z) be the third derivative of -z**8/20160 + z**7/1680 - z**6/240 + z**5/30 - 2*z**2. Let k(v) be the third derivative of m(v). Calculate k(4).
-7
Let d(k) = -3*k**3 - k**2 - k + 1. Let g = -121 - -119. Give d(g).
23
Let z be 44/6 + 4/6. Suppose 4*m - z*m = 0. Let o(s) = -9*s**3 + s**2 + 15*s**3 + 3 - 7*s**3. Calculate o(m).
3
Let f(p) = -p**3 + 3*p**2 - 1. Suppose -9*l = 5*l - 28. Calculate f(l).
3
Let r(n) = n**3 + 2*n**2 - 3*n - 2. Let b be r(-3). Let o(z) = z**3 - z + 1. Give o(b).
-5
Let x(y) = -y**3 + 4*y**2 - y + 4. Let l be x(4). Let q(c) = c - 3. Let b be q(6). Let f(v) = 3*v - v - v + v**b + 3. Calculate f(l).
3
Suppose 5*u + 7 = 2. Let t(j) = -j**3 - 6*j**2 + j - 8. Let w be t(-6). Let m(s) = 2*s**2 - 7*s - 7. Let i(c) = -c - 1. Let b(p) = w*i(p) + 2*m(p). Give b(u).
4
Let a(b) = -15*b + 9*b + 4 + b**3 - 3*b**2 + b**2 + 0. Let u(j) = -j**3 + 8*j**2 - 7*j + 4. Let d be u(7). What is a(d)?
12
Let b(j) = 4*j - 6. Let i be b(5). Suppose u + i = 3*r, u = -r + 4*u + 18. Let f(n) = n**3 - 4*n**2 + 2*n - 4. Determine f(r).
-7
Let s(u) = -2*u + 6. Let v(t) be the first derivative of 5*t**2/2 - 13*t - 1. Let l(c) = 7*s(c) + 3*v(c). Let j = -83 - -83. What is l(j)?
3
Let p = -2 + 5. Suppose p*c = 7*c - 8. Let n(f) = f**c + 2 + 3*f - f - 2*f**2 + 0*f**2. Calculate n(4).
-6
Let b(u) = 3*u - 7 + 0*u + 1. Give b(4).
6
Let r(p) = -p**3 - 3*p**2 - 2*p. Suppose 2*q + 4*q = 0. Let u = 5 + -3. Suppose q = y - u*b + 2, 2*y + 2*b = -3*b - 4. Give r(y).
0
Let m(i) be the second derivative of -2*i**2 - 7*i - 1/20*i**5 - 5/12*i**4 + 1/6*i**3 + 0. Give m(-5).
-9
Let y(l) be the first derivative of l**4/4 - l**3/3 - l**2 - l + 6. What is y(-1)?
-1
Suppose 3*j = -j + 20. Suppose -2 = -j*o - 7. Let i(l) = 4*l - 1. Determine i(o).
-5
Suppose -4 = -2*d + 3*d. Let h = -2 + 3. Let o(b) = 2*b**2 + 8*b - 3. Let w(p) = -p. Let s(t) = h*o(t) + 3*w(t). Calculate s(d).
9
Let y(q) be the first derivative of q**2 + 12*q - 11. What is y(-8)?
-4
Let c(a) = -2*a**2 + 2*a - 2. Let u(g) = -g**2 - g - 1. Let l(p) = -c(p) + u(p). Give l(4).
5
Let s(d) = d**3 + 6*d**2 + 3*d + 9. Let l = -11 + 5. Calculate s(l).
-9
Suppose 3*r + 5*w = 14, -2*r + 19 = -2*w - 1. Suppose r = -c - c. Let h(i) = -i**3 - 5*i**2 - 5*i. Calculate h(c).
4
Let r be ((-8)/(-10))/((-1)/(-5)). Let u be r/18 - (-208)/36. Let z be 2 + -6*(-3)/u. Let o(g) = g**3 - 5*g**2 - 3*g + 7. Determine o(z).
-8
Let q(d) = 2*d. Let r = -7 + 12. Suppose -g - 15 = -5*l, 40 = r*l + 6*g - 2*g. What is q(l)?
8
Let b(g) be the second derivative of -g**4/12 - g**2/2 + 27*g. What is b(2)?
-5
Let c(n) = -1. Let f(o) = 1. Let h(u) = 2*c(u) + f(u). Let j(k) = -k + 12. Let a(q) = 5*h(q) + j(q). Give a(0).
7
Let a(r) = r**3 + r. Let b(c) = -2*c**3 + 2*c**2 - 2*c. Let o(t) = 3*a(t) + b(t). Calculate o(-1).
0
Let h(p) = 3*p**3 + 2*p**2 - 3*p - 3. Let q(u) = -u**2 - 2*u + 33. Let f be q(-7). Determine h(f).
-13
Let r be ((-10)/(-3))/((-2)/(-3)). Let i(k) be the second derivative of 0 + 5/2*k**2 - 8*k - 1/6*k**3. Determine i(r).
0
Suppose -m + 0*m = -3. Suppose -2*u = -u - m. Let v(x) = -x**3 + x**2 + 5*x - 3. Give v(u).
-6
Let d be 3/(-3 + 6) + 1. Suppose -d*s = -4 + 2. Let z(n) = 6*n**2 - 1. Determine z(s).
5
Let q be 3/6 + 1/(-2). Suppose 4*x + 4*w + w - 18 = q, -4 = -4*x + 2*w. Let h(p) = p**3 - 1 + 0*p**3 + 3*p + 2 + 0*p + 4*p**x. Determine h(-2).
3
Let y(x) = -1 - 2 + 5 - 4*x - 1. Give y(1).
-3
Let d(q) = 2*q - 10. Let n(o) = o - 1. Let w(u) = d(u) - 5*n(u). What is w(5)?
-20
Let f be -1 - (-5)/(20/16). Let h(v) = -2*v - 2 + 5 - f - 3. Determine h(-2).
1
Let o(w) be the first derivative of w**2/2 - w + 6. Calculate o(3).
2
Let m be (-7 + 6 + -5)/(-1*1). Let z(p) = p**2 - 8*p - 2. Give z(m).
-14
Suppose -1 + 9 = -2*v. Let p(u) = -2*u**2 - 13*u + 4. Let i = 20 + -25. Let a(d) = 3*d**2 + 19*d - 6. Let o(f) = i*a(f) - 7*p(f). Give o(v).
2
Let k(h) = -3*h**3 - 10*h**2 - 18*h + 17. Let u(d) = 4*d**3 + 15*d**2 + 27*d - 25. Let v(z) = 7*k(z) + 5*u(z). What is v(6)?
12
Let f(g) be the first derivative of -g**4/4 + 2*g**3/3 + 3*g - 7. Determine f(3).
-6
Let l(o) = -o**2 + 2*o + 3. Let m be (5/3)/(3/9). Give l(m).
-12
Let v be 4 - 4/(2 + -1). Let o(y) = y**3 + y + 5. Determine o(v).
5
Let s = 6 + -11. Let v(c) be the third derivative of -1/60*c**5 + 5/6*c**3 + 0 - 5/24*c**4 - c**2 + 0*c. Give v(s).
5
Let c be 2 - ((-1 - 1) + 2). Let g(w) = 4*w**2 + 2*w - 3. Let k(j) = -13*j**2 - 6*j + 10. Let a(d) = c*k(d) + 7*g(d). Let o be ((-2)/(-5))/((-1)/5). Give a(o).
3
Let u(o) = -o**2 - 2*o - 4. Let i(h) = -3*h**2 - 6*h - 11. Let y(j) = -4*i(j) + 11*u(j). Let t be y(-2). Let p(l) = -l**2 + l - 3. Give p(t).
-3
Let c(r) = -5*r + 2. Let x(l) = 6*l - 1. Let